, what is 1101 + 2?
1103
In base 8, what is 0 - 325?
-325
In base 13, what is 27 + 5?
2c
In base 15, what is 1 - -4d?
4e
In base 4, what is 10 - -130?
200
In base 16, what is 1f3 + 2?
1f5
In base 7, what is 32 - 12?
20
In base 2, what is -111 + 1100111101?
1100110110
In base 16, what is 0 - -e?
e
In base 3, what is -12 + -2002112?
-2002201
In base 16, what is -6b - -11?
-5a
In base 2, what is -111 + 1111111?
1111000
In base 3, what is -1001022 + -1?
-1001100
In base 6, what is 4 + 2?
10
In base 4, what is 13 - 12?
1
In base 8, what is 5053 - -5?
5060
In base 10, what is -1863 - 4?
-1867
In base 15, what is -2 + 84?
82
In base 11, what is 6 + 225?
230
In base 12, what is -8 - 14?
-20
In base 2, what is -10011101 + -100?
-10100001
In base 5, what is 14142 + 14?
14211
In base 4, what is 0 - -133?
133
In base 14, what is 32 - 3?
2d
In base 11, what is 606 + -1?
605
In base 9, what is 4 - -665?
670
In base 12, what is -17 + -558?
-573
In base 4, what is -2222 - 0?
-2222
In base 6, what is -14 + 12025?
12011
In base 7, what is 320 - -10?
330
In base 13, what is 4 - -10c?
113
In base 12, what is 0 - -9?
9
In base 7, what is 31 - -50?
111
In base 11, what is -26 - -5?
-21
In base 15, what is 5 - 181?
-17b
In base 13, what is 1b + 3?
21
In base 11, what is -226 + -4?
-22a
In base 10, what is -844 - -1?
-843
In base 15, what is d - 6?
7
In base 15, what is -2b - -20?
-b
In base 15, what is -1261 - 1?
-1262
In base 3, what is -120112 + 11?
-120101
In base 3, what is -201 + 1112012?
1111111
In base 5, what is 42 - 0?
42
In base 4, what is -233 - 31?
-330
In base 13, what is -3a6 + 0?
-3a6
In base 4, what is 10 + 321?
331
In base 10, what is 4 - 642?
-638
In base 11, what is -26 + -23?
-49
In base 13, what is 1a8 - -6?
1b1
In base 14, what is -d1 - 0?
-d1
In base 15, what is 2 + -90?
-8d
In base 7, what is 114 + -230?
-113
In base 9, what is 32 - -226?
258
In base 12, what is b9 - -2?
bb
In base 2, what is 10 - 10100?
-10010
In base 12, what is -1379 + -1?
-137a
In base 5, what is -13 - -2430?
2412
In base 9, what is -3 - -1732?
1728
In base 12, what is -15 + -4?
-19
In base 2, what is 11001 + -100100?
-1011
In base 3, what is -2 + -120121?
-120200
In base 13, what is -1 - -141?
140
In base 11, what is 1607 + 2?
1609
In base 7, what is -1 + 305?
304
In base 15, what is -5 - 41e?
-424
In base 4, what is -10 - -122?
112
In base 10, what is 3397 - 2?
3395
In base 4, what is -30122 + 11?
-30111
In base 8, what is -271 - -2?
-267
In base 16, what is -36 + -5?
-3b
In base 11, what is -2 + 226?
224
In base 6, what is -5 + 12235?
12230
In base 16, what is 9d - -4?
a1
In base 4, what is -2132 + -10?
-2202
In base 2, what is 110 - -100?
1010
In base 13, what is 3 + -231?
-22b
In base 8, what is -6 - 72?
-100
In base 7, what is 2 + 5?
10
In base 9, what is -13 - -2?
-11
In base 11, what is 5 - -724?
729
In base 2, what is -100 - 10100101?
-10101001
In base 8, what is 165 - 4?
161
In base 3, what is 2 + 2110?
2112
In base 12, what is 66 - 1?
65
In base 7, what is 161 + -3?
155
In base 10, what is 3 + 593?
596
In base 8, what is -121 - -3?
-116
In base 3, what is -201201 + -10?
-201211
In base 15, what is 51 + 5?
56
In base 4, what is 30 + -300?
-210
In base 16, what is 37d + -4?
379
In base 8, what is -1 + 42?
41
In base 3, what is 22 + 11010?
11102
In base 6, what is -32 - -13?
-15
In base 13, what is 1 + c6?
c7
In base 6, what is 15 - 11025?
-11010
In base 16, what is -1e0 - a?
-1ea
In base 5, what is 124 - 100?
24
In base 11, what is -1 + -25?
-26
In base 9, what is 614 + -2?
612
In base 11, what is -18 + 7?
-11
In base 7, what is 120426 + -5?
120421
In base 9, what is 566 + 5?
572
In base 4, what is 203 - -2010?
2213
In base 10, what is -1363 + 5?
-1358
In base 3, what is -2010211 - -11?
-2010200
In base 11, what is -366 - 3?
-369
In base 10, what is 8 - -132?
140
In base 6, what is -111003 + -3?
-111010
In base 12, what is -226 - -4?
-222
In base 4, what is -2013 - -11?
-2002
In base 14, what is 202 - 3?
1dd
In base 11, what is 32 + 6?
38
In base 10, what is -45 + 8?
-37
In base 2, what is 11000100111 + 10?
11000101001
In base 9, what is -21 - -17?
-3
In base 14, what is 1a - 10?
a
In base 3, what is 10202212 - -2?
10202221
In base 7, what is 51 + 0?
51
In base 16, what is 3a + -7?
33
In base 3, what is 112100001 - 1?
112100000
In base 4, what is -2 - 2011?
-2013
In base 15, what is -bd - 13?
-d1
In base 5, what is 1 - -414?
420
In base 11, what is 5828 - 3?
5825
In base 3, what is -1 - -1002022?
1002021
In base 4, what is 333 + -11?
322
In base 3, what is 1112101 - -1012?
1120120
In base 2, what is 11 - -100110101?
100111000
In base 12, what is 0 + -7?
-7
In base 12, what is -1197 - 4?
-119b
In base 15, what is -81e + -2?
-821
In base 12, what is -b - -199?
18a
In base 10, what is 278 - -9?
287
In base 2, what is 10 - -11111001?
11111011
In base 14, what is -1 - -c68?
c67
In base 2, what is 1010011 - -10?
1010101
In base 2, what is -10000110 + 110?
-10000000
In base 8, what is 5 + -560?
-553
In base 15, what is 5 + ed?
103
In base 5, what is 211 + 3?
214
In base 8, what is 114 + -5?
107
In base 10, what is -37 - -5?
-32
In base 5, what is 14 + -1244?
-1230
In base 3, what is -1111 - 1011?
-2122
In base 6, what is 313 - -2?
315
In base 12, what is -2aa + 26?
-284
In base 2, what is -11 - -10000000100?
10000000001
In base 9, what is -30 + 1?
-28
In base 14, what is 15 + d?
24
In base 16, what is d - 27?
-1a
In base 16, what is 0 + -2?
-2
In base 11, what is -4 + -549?
-552
In base 12, what is -2 - -6?
4
In base 13, what is 178 - -5?
180
In base 7, what is -4 - 31265?
-31302
In base 10, what is 44 + -69?
-25
In base 8, what is -12 + 167?
155
In base 13, what is 13 - -3?
16
In base 6, what is -135533 + -1?
-135534
In base 16, what is -7 + 2ed?
2e6
In base 3, what is 2 - -12?
21
In base 14, what is -3 + -d?
-12
In base 6, what is -24020 + 2?
-24014
In base 15, what is 2 - -6?
8
In base 3, what is 1 - 211000?
-210222
In base 8, what is 337 - -25?
364
In base 14, what is 1aab5 - 0?
1aab5
In base 4, what is 100 - -232?
332
In base 2, what is 1 - 1101001101?
-1101001100
In base 15, what is -a7 + c?
-9a
In base 5, what is 241 + -12?
224
In base 2, what is 1111 - 1111?
0
In base 12, what is -4 - 1491?
-1495
In base 7, what is -5220 - 1?
-5221
In base 2, what is -1011111101 - -101?
-1011111000
In base 16, what is 2 - -a?
c
In base 6, what is -13 - -1015?
1002
In base 9, what is 103 - 111?
-7
In base 13, what is 23c - 3?
239
In base 6, what is -4 + -1154?
-1202
In base 11, what is -7 + -9?
-15
In base 3, what is 2 + -10022?
-10020
In base 7, what is -231 + 0?
-231
In base 12, what is -115 - 4?
-119
In base 9, what is 0 + -1848?
-1848
In base 16, what is -11 + -3?
-14
In base 10, what is -3 + -49?
-52
In base 15, what is -b6 + -2?
-b8
In base 6, what is 104 + -53?
11
In base 4, what is -1113 + -10?
-1123
In base 7, what is 1444 + 3?
1450
In base 7, what is 2115 + 10?
2125
In base 7, what is -6 - -112?
103
In base 5, what is 304 + -2?
302
In base 3, what is 1 + -2?
-1
In base 14, what is -38 - 3?
-3b
In base 3, what is -10012201 - -12?
-10012112
In base 4, what is -1131 - 2?
-1133
In base 8, what is 272 - -14?
306
In base 3, what is 20 + 21022?
21112
In base 7, what is 455 - 10?
445
In base 16, what is -6d + 4?
-69
In base 6, what is 302 - -1100?
1402
In base 6, what is -205025 - -2?
-205023
In base 12, what is -150b - -5?
-1506
In base 16, what is -1 - -4b?
4a
In base 8, what is -5 - 52?
-57
In base 9, what is -4 + 842?
837
In base 10, what is 4 - 49?
-45
In base 13, what is bb - -3?
c1
In base 12, what is 164 + 9?
171
In base 2, what is 11111 + 1?
100000
In base 6, what is 4522 - -11?
4533
In base 8, what is -5 + 224?
217
In base 3, what is -12 - -21?
2
In base 7, what is -22 + 6?
-13
In base 5, what is 0 - -120?
120
In base 15, what is -3c1 + 8?
-3b8
In base 7, what is -5 + 21?
13
In base 4, what is -20 - -1030?
1010
In base 8, what is -24 - -131?
105
In base 9, what is 111 + -15?
85
In base 14, what is -2 - 1806?
-1808
In base 12, what is -4 - 10?
-14
In base 2, what is -100 + -10101100010?
-10101100110
In base 13, what is -167 - -16?
-151
In base 16, what is -28f + 4?
-28b
In base 2, what is 100 + -11010?
-10110
In base 10, what is 4 + -13?
-9
In base 2, what is 1111